Let m = 122 + b. What is the units digit of m?
5
Let a = -18 + 14. Let u be -2 - (1 + 1)/(2/a). What is the units digit of (-2 - 5/(-2))/(u/276)?
9
Let i(b) = 3*b**2 + 16*b + 82. Let z be i(-14). What is the tens digit of (-6)/(z/(-880) - 2/(-4))?
8
Suppose 2*n + 73 = 3*r, -4*n - n + 4*r - 193 = 0. Let i = n + 33. What is the tens digit of ((-390)/(-9))/(3/((-36)/i))?
6
Suppose -7*a + 26 = 12. Suppose -a*r + 190 = 8*r. Let v = r - -7. What is the units digit of v?
6
Suppose -9 + 78 = -5*d + i, 3*i + 31 = -2*d. What is the tens digit of (5 + -3)*d/35*-515?
1
Suppose a + 0 + 2 = 0, 4*u + 2*a - 1004 = 0. Let y = u - 249. What is the units digit of y?
3
Let z be 30/20 + 886/(-4). What is the units digit of (z/30)/(4/(-762))?
7
Suppose 0 = -3*h - 2*q - 3*q + 103, q = -5*h + 201. Let m = -38 + h. Let d(n) = 2*n**3 - 5*n + 2. What is the units digit of d(m)?
1
What is the tens digit of (-1074)/(-4)*(-55)/(-15)*14 + 3?
8
Suppose -2*f - 5*a + 35 = -432, -2*f = 4*a - 466. What is the tens digit of 9/(-18) - (f/6)/(-1)?
3
Let c(d) = 2 + d**2 - 2*d - 110011*d**3 + 0*d + 109993*d**3 + d. Let b(r) = -r**2 + 4*r + 3. Let f be b(5). What is the units digit of c(f)?
2
Let j(n) = -3*n - 20. Let z(b) = b**2 + b - 8. Let p be z(0). Let l be j(p). Suppose 3*v - 212 = -l*a, -4*a + v + 212 = -0*a. What is the units digit of a?
3
What is the hundreds digit of (3 + 1648/(-10)*11)*-5?
0
Let d be (-1)/(-3) + 5 + 14140/15. Let l = -569 + d. What is the units digit of l?
9
Suppose 512 = -52*v + 20*v. What is the tens digit of -2 + (-15752)/v - (-9)/6?
8
Let x = 65 - 52. Let b(i) = -2*i**3 + 29*i**2 + 6*i + 17. What is the hundreds digit of b(x)?
6
Suppose -4*c = c - 13307 - 34078. What is the tens digit of c?
7
Suppose -5*a - 5*v - 132 = -9*a, -3*v = -12. Let s(y) = -y**2 + 40*y - 23. What is the units digit of s(a)?
3
What is the thousands digit of (-16085757)/(-765) - (-4)/(-30)?
1
Suppose -9*i - 195 = 3*m - 14*i, 5*m = -3*i - 325. Let l = 430 - m. What is the units digit of l?
5
Let c = -77 - -84. Suppose -x = -2*t + 1949, -4*t = -c*x + 2*x - 3901. What is the tens digit of t?
7
Let v(c) = -28*c**3 + 41*c**2 - 38*c - 380. What is the hundreds digit of v(-9)?
6
Let m(t) = -2*t**3 + 7*t**2 + t + 15. Let d = -369 - -361. What is the units digit of m(d)?
9
Let a(d) = d - 5. Let v be a(6). Let f(y) = 706*y**2 + 67*y + 9. Let r be f(3). What is the units digit of 52/(-44) + v - r/(-44)?
9
Let f(d) = d**2 - 9*d + 44. Suppose 0 = -48*z + 38*z + 50. What is the units digit of f(z)?
4
Suppose -495710 = 10*j - 17*j - 12*j. What is the units digit of j?
0
Let v be 34/10 + 14/35*-1. Suppose -420 = -g + v*d, -g = -d - 49 - 375. What is the units digit of g?
6
Let l be 8 + 178566/42 - (-3)/7. Suppose -15*b + 2145 = -l. What is the tens digit of b?
2
Suppose -4*w - 5*s + 2*s = -222170, 0 = w + 8*s - 55586. What is the units digit of w?
8
Let j(p) = -61*p**2 + 30*p - 5. Let t be j(-4). Let k = -619 - t. What is the units digit of k?
2
Let d(j) = 4*j + 114. Let h be ((-1635)/(-436))/((-2)/(16/(-1))). What is the tens digit of d(h)?
3
Suppose 248*s = t + 253*s - 22881, t - s - 22839 = 0. What is the ten thousands digit of t?
2
Let a(w) = -w**3 + 10*w**2 + 4. Let l be a(10). Let g(s) = -2*s**2 + 8*s - 3. Let i be g(l). Let o = 70 - i. What is the tens digit of o?
7
Suppose t + 52*j = 53*j + 1290, 0 = -5*j - 35. What is the hundreds digit of t?
2
Suppose -5*y - 4 + 24 = 0. Let b be y/12 - (-4)/(-12). What is the units digit of 14/1*(b - -4)?
6
Let t = -4176 - -5616. What is the thousands digit of t?
1
Let f(c) = 15*c**3 + 2*c**2 - 2*c. Let h = -78 + 81. What is the tens digit of f(h)?
1
Let n(j) = 11*j + j**3 + 8*j**2 + 9 - 12 + 0*j**3. Let g be n(-6). Suppose -474 = -g*y + 39. What is the tens digit of y?
7
Suppose 0 = -5*t - n + 1583, 0 = -2*n - 4 - 0. Suppose 36*s = 37*s - t. What is the tens digit of s?
1
Suppose 4*v + 8 = -3*g - 0*v, 2*g - 3*v + 11 = 0. What is the tens digit of (g + 1)/(11/(-1320))?
6
Suppose 924923 - 6304349 = -79*n. What is the hundreds digit of n?
0
What is the units digit of ((-826)/28)/((-18)/28152)?
8
Let y = 17990 - -32686. What is the hundreds digit of y?
6
Suppose -15*t + 40769 + 29266 = 0. What is the tens digit of t?
6
Suppose -4*s + 44 = 4*z - 2*s, -3*z - 3*s + 33 = 0. Suppose 813 = 14*l - z*l. What is the units digit of l?
1
What is the tens digit of (185/(-2))/((-2465)/234668)?
0
Suppose h - 5*z - 54 = 0, -5*h - 3*z + 0*z = -130. Let g(c) = 2*c**2 - 6 + 45*c - h*c + 8*c. What is the units digit of g(-13)?
0
Suppose 3*b - 32*a - 67847 = -27*a, 4*b - a - 90423 = 0. What is the ten thousands digit of b?
2
Let n be 60/(3/10*24/342). Suppose n = 30*g - 24*g. What is the units digit of g?
5
Let q = 20652 + -15531. What is the hundreds digit of q?
1
Let f(p) = 20*p**2 + 6*p + 1. Let c be f(4). Suppose 2*q - c = -q. What is the hundreds digit of q?
1
Let n be (-3 + 2)/((-4)/92)*-3. Let x = -73 - n. What is the units digit of x/(-6) + 1925/33?
9
Let l(b) = b**2 - 41*b + 199. What is the tens digit of l(47)?
8
Let v(z) = -6*z + 11. Let s be v(3). Let g(l) = -56*l + 120. What is the hundreds digit of g(s)?
5
Let x = 2148 - -162. Suppose -3*z + 2161 + 141 = 5*i, -3*i - x = -3*z. What is the units digit of z?
9
Let g(o) = 14*o**2 + o - 9. Let r(t) = 13*t - 3. Let v be r(5). Let w = 59 - v. What is the hundreds digit of g(w)?
1
Suppose 765*w = 762*w + 2724. What is the tens digit of w?
0
What is the units digit of (-96)/(-1152) + 30695/12?
8
Let i(b) = 17*b**2 - 4*b - 35. Let z(c) = c**3 - 17*c**2 + 15*c + 11. Let u be z(16). Let a be i(u). Suppose -120 + a = 2*d. What is the hundreds digit of d?
1
Let m(t) = 5763*t + 159. What is the units digit of m(1)?
2
Let x(m) = 12*m - 54*m - 24 - 13*m. Let y be x(-6). Suppose -31*b + 33*b = y. What is the tens digit of b?
5
Let u be (0/(-30))/(-2*2/(-4)). Suppose u = -4*o + 700 + 1440. What is the units digit of o?
5
Suppose 4*r = 4*t - 68, -t - 8 = -2*r - 23. Let j(p) = 4*p**2 - 12*p - 156. What is the hundreds digit of j(t)?
0
Suppose 137*l + 1896921 - 8336606 = 0. What is the hundreds digit of l?
0
Let p = -71 + 215. Let o = p - -207. What is the tens digit of o?
5
Suppose 10 = -2*g, -5*g - 38 = 3*j - g. What is the units digit of (-3)/((-18)/159)*(-72)/j?
8
Let i(b) = 2*b + 15. Let u be i(-7). Let m be (1 - u) + 171/9. Let k(l) = -2*l**2 + 41*l + 13. What is the tens digit of k(m)?
7
Let h = 18 - 11. Let u be 18*(-10795)/(-867) - (-4)/(-34). Suppose 0 = -9*z + h*z + u. What is the units digit of z?
2
What is the hundreds digit of (-9876)/27*14175/(-126)?
1
Let j = -43 - 3. Let r = -46 - j. Suppose r*b = 3*b + 6, 3*x - 4*b = 29. What is the units digit of x?
7
Suppose -39007 = -q - 4*i, 3*q - 117053 = -58*i + 54*i. What is the ten thousands digit of q?
3
Suppose -2*k - 200 = 3*k. Let d be 62/4*(-7 + 5). Let t = d - k. What is the units digit of t?
9
Let m = 1904 - -2619. What is the tens digit of m?
2
What is the thousands digit of 13201 - ((48 + 0)/8 + -5)?
3
Suppose 5*g + 4*p = 472, -2*p - 111 = -2*g + 85. Suppose -g*v = -95*v - 436. What is the tens digit of v?
3
Suppose -7*g - 44670 = -11*g - 5*m, 5*g - 3*m - 55819 = 0. What is the ten thousands digit of g?
1
Let m(p) = 10426*p - 1. What is the units digit of m(3)?
7
Let z = -3910 + 6169. What is the thousands digit of z?
2
Suppose 54124 = -57*c + 71*c. Suppose 0 = -r - d + 966, -32*d + c = 4*r - 27*d. What is the units digit of r?
4
Let u(w) = -930*w + 19717. What is the units digit of u(0)?
7
Let n(b) = 948*b + 23. What is the hundreds digit of n(4)?
8
Let i(d) = 2477*d - 3342. What is the tens digit of i(3)?
8
Suppose 4*t - 5*y - 9 = 0, 1 + 4 = t - 4*y. Let s(p) = -p. Let w(d) = -d**3 + 10*d**2 - 3*d + 14. Let q(f) = t*w(f) + s(f). What is the units digit of q(8)?
0
Suppose -25*c = -28*c - 3*n - 6, 0 = 4*c + n - 7. Suppose c*a + 626 = 1904. What is the units digit of a?
6
Let z be (-64)/448 - 2/(-14). Suppose 4*p - 3600 = -4*u, p + 2 - 5 = z. What is the units digit of u?
7
Let n(v) = 310*v**2 + 45 + 10*v - v**3 - 343*v**2 + 14*v. What is the hundreds digit of n(-34)?
3
Suppose 58*t + 6660 = 28*t. What is the tens digit of 2456/3 - 518/t?
2
Let f be 5 - (5 - 669) - (-2 - -4). Let o = -408 + f. What is the units digit of o?
9
Let v = -398 - -669. Suppose -20*r = 